{"version":"1.0","provider_name":"AREA LORCA RADIO","provider_url":"https:\/\/arealorcaradio.es","author_name":"Paco S\u00e1nchez","author_url":"https:\/\/arealorcaradio.es\/index.php\/author\/admin_alorcaradio\/","title":"El alcalde de Lorca obtiene el compromiso del presidente de ADIF de estudiar alternativas para salvar el cauce de la rambla de Torrecilla, como solicitan los vecinos afectados - AREA LORCA RADIO","type":"rich","width":600,"height":338,"html":"<blockquote class=\"wp-embedded-content\" data-secret=\"pB5W8KqoqC\"><a href=\"https:\/\/arealorcaradio.es\/index.php\/2025\/07\/24\/7466\/\">El alcalde de Lorca obtiene el compromiso del presidente de ADIF de estudiar alternativas para salvar el cauce de la rambla de Torrecilla, como solicitan los vecinos afectados<\/a><\/blockquote><iframe sandbox=\"allow-scripts\" security=\"restricted\" src=\"https:\/\/arealorcaradio.es\/index.php\/2025\/07\/24\/7466\/embed\/#?secret=pB5W8KqoqC\" width=\"600\" height=\"338\" title=\"\u00abEl alcalde de Lorca obtiene el compromiso del presidente de ADIF de estudiar alternativas para salvar el cauce de la rambla de Torrecilla, como solicitan los vecinos afectados\u00bb \u2014 AREA LORCA RADIO\" data-secret=\"pB5W8KqoqC\" frameborder=\"0\" marginwidth=\"0\" marginheight=\"0\" scrolling=\"no\" class=\"wp-embedded-content\"><\/iframe><script type=\"text\/javascript\">\n\/* <![CDATA[ *\/\n\/*! This file is auto-generated *\/\n!function(d,l){\"use strict\";l.querySelector&&d.addEventListener&&\"undefined\"!=typeof URL&&(d.wp=d.wp||{},d.wp.receiveEmbedMessage||(d.wp.receiveEmbedMessage=function(e){var t=e.data;if((t||t.secret||t.message||t.value)&&!\/[^a-zA-Z0-9]\/.test(t.secret)){for(var s,r,n,a=l.querySelectorAll('iframe[data-secret=\"'+t.secret+'\"]'),o=l.querySelectorAll('blockquote[data-secret=\"'+t.secret+'\"]'),c=new RegExp(\"^https?:$\",\"i\"),i=0;i<o.length;i++)o[i].style.display=\"none\";for(i=0;i<a.length;i++)s=a[i],e.source===s.contentWindow&&(s.removeAttribute(\"style\"),\"height\"===t.message?(1e3<(r=parseInt(t.value,10))?r=1e3:~~r<200&&(r=200),s.height=r):\"link\"===t.message&&(r=new URL(s.getAttribute(\"src\")),n=new URL(t.value),c.test(n.protocol))&&n.host===r.host&&l.activeElement===s&&(d.top.location.href=t.value))}},d.addEventListener(\"message\",d.wp.receiveEmbedMessage,!1),l.addEventListener(\"DOMContentLoaded\",function(){for(var e,t,s=l.querySelectorAll(\"iframe.wp-embedded-content\"),r=0;r<s.length;r++)(t=(e=s[r]).getAttribute(\"data-secret\"))||(t=Math.random().toString(36).substring(2,12),e.src+=\"#?secret=\"+t,e.setAttribute(\"data-secret\",t)),e.contentWindow.postMessage({message:\"ready\",secret:t},\"*\")},!1)))}(window,document);\n\/\/# sourceURL=https:\/\/arealorcaradio.es\/wp-includes\/js\/wp-embed.min.js\n\/* ]]> *\/\n<\/script>\n","thumbnail_url":"https:\/\/arealorcaradio.es\/wp-content\/uploads\/2025\/07\/REUNION-ALCALDE-CON-PRESIDENTE-ADIF-3-scaled.jpeg","thumbnail_width":2560,"thumbnail_height":1440,"description":"\u00c1REA LORCA RADIO. Infraestructuras. Escucha aqu\u00ed la entrevista que ha concedido el alcalde de Lorca, Fulgencio Gil a Paco S\u00e1nchez en el magazine de \u00c1rea Lorca Radio tras la reuni\u00f3n con el presidente de ADIF en la sede central de Madrid. Madrid, 24 de julio de 2025. El alcalde de Lorca, Fulgencio Gil, ha encabezado [&hellip;]"}

Paco Sánchez

ÁREA LORCA RADIO. Infraestructuras. Escucha aquí la entrevista que ha concedido el alcalde de Lorca, Fulgencio Gil a Paco Sánchez en el magazine de Área Lorca Radio tras la reunión con el presidente de ADIF en la sede central de Madrid. Madrid, 24 de julio de 2025. El alcalde de Lorca, Fulgencio Gil, ha encabezado [&hellip;]
