{"version":"1.0","provider_name":"AREA LORCA RADIO","provider_url":"https:\/\/arealorcaradio.es","author_name":"Paco S\u00e1nchez","author_url":"https:\/\/arealorcaradio.es\/index.php\/author\/admin_alorcaradio\/","title":"Tete Novoa - Somos - AREA LORCA RADIO","type":"rich","width":600,"height":338,"html":"<blockquote class=\"wp-embedded-content\" data-secret=\"zmC5Gry3NT\"><a href=\"https:\/\/arealorcaradio.es\/index.php\/2023\/02\/06\/tete-novoa-somos\/\">Tete Novoa &#8211; Somos<\/a><\/blockquote><iframe sandbox=\"allow-scripts\" security=\"restricted\" src=\"https:\/\/arealorcaradio.es\/index.php\/2023\/02\/06\/tete-novoa-somos\/embed\/#?secret=zmC5Gry3NT\" width=\"600\" height=\"338\" title=\"\u00abTete Novoa &#8211; Somos\u00bb \u2014 AREA LORCA RADIO\" data-secret=\"zmC5Gry3NT\" frameborder=\"0\" marginwidth=\"0\" marginheight=\"0\" scrolling=\"no\" class=\"wp-embedded-content\"><\/iframe><script type=\"text\/javascript\">\n\/* <![CDATA[ *\/\n\/*! This file is auto-generated *\/\n!function(d,l){\"use strict\";l.querySelector&&d.addEventListener&&\"undefined\"!=typeof URL&&(d.wp=d.wp||{},d.wp.receiveEmbedMessage||(d.wp.receiveEmbedMessage=function(e){var t=e.data;if((t||t.secret||t.message||t.value)&&!\/[^a-zA-Z0-9]\/.test(t.secret)){for(var s,r,n,a=l.querySelectorAll('iframe[data-secret=\"'+t.secret+'\"]'),o=l.querySelectorAll('blockquote[data-secret=\"'+t.secret+'\"]'),c=new RegExp(\"^https?:$\",\"i\"),i=0;i<o.length;i++)o[i].style.display=\"none\";for(i=0;i<a.length;i++)s=a[i],e.source===s.contentWindow&&(s.removeAttribute(\"style\"),\"height\"===t.message?(1e3<(r=parseInt(t.value,10))?r=1e3:~~r<200&&(r=200),s.height=r):\"link\"===t.message&&(r=new URL(s.getAttribute(\"src\")),n=new URL(t.value),c.test(n.protocol))&&n.host===r.host&&l.activeElement===s&&(d.top.location.href=t.value))}},d.addEventListener(\"message\",d.wp.receiveEmbedMessage,!1),l.addEventListener(\"DOMContentLoaded\",function(){for(var e,t,s=l.querySelectorAll(\"iframe.wp-embedded-content\"),r=0;r<s.length;r++)(t=(e=s[r]).getAttribute(\"data-secret\"))||(t=Math.random().toString(36).substring(2,12),e.src+=\"#?secret=\"+t,e.setAttribute(\"data-secret\",t)),e.contentWindow.postMessage({message:\"ready\",secret:t},\"*\")},!1)))}(window,document);\n\/\/# sourceURL=https:\/\/arealorcaradio.es\/wp-includes\/js\/wp-embed.min.js\n\/* ]]> *\/\n<\/script>\n","thumbnail_url":"https:\/\/arealorcaradio.es\/wp-content\/uploads\/2023\/02\/TETE-NOVOA2.jpg","thumbnail_width":1920,"thumbnail_height":1080,"description":"Tete Novoa estrena el videclip de \u00abSomos\u00bb, primer adelanto del que ser\u00e1 su pr\u00f3ximo disco en solitario titulado \u00abHistorias Que Cantar\u00bb. El cantante madrile\u00f1o de la m\u00edtica banda metalera Saratoga, vuelve a la carga con su proyecto en solitario desde su \u00faltimo \u00abTTN Live\u00bb en 2017. Este primer adelanto nos avecina un disco con una [&hellip;]"}

Paco Sánchez

Tete Novoa estrena el videclip de «Somos», primer adelanto del que será su próximo disco en solitario titulado «Historias Que Cantar». El cantante madrileño de la mítica banda metalera Saratoga, vuelve a la carga con su proyecto en solitario desde su último «TTN Live» en 2017. Este primer adelanto nos avecina un disco con una [&hellip;]
